{"id":1194,"date":"2020-02-17T09:56:34","date_gmt":"2020-02-17T15:56:34","guid":{"rendered":"https:\/\/housepital.com.mx\/tienda\/producto\/light-brown-bag\/"},"modified":"2021-02-09T17:56:49","modified_gmt":"2021-02-09T23:56:49","slug":"algodon-protec-de-300-mg","status":"publish","type":"product","link":"https:\/\/housepital.com.mx\/tienda\/producto\/algodon-protec-de-300-mg\/","title":{"rendered":"Algod\u00f3n Protec de 300 mg."},"content":{"rendered":"<p>Algod\u00f3n absorbente elaborado con fibras 100% de algod\u00f3n quir\u00fargico, No est\u00e9ril gran capacidad de absorci\u00f3n ya que no contiene material sint\u00e9tico. Usos recomendados: limpiar diferentes \u00e1reas del cuerpo, aplicar sustancias liquidas, absorci\u00f3n de l\u00edquido. , c\/300 grs.<\/p>\n","protected":false},"excerpt":{"rendered":"<p>Algod\u00f3n absorbente no est\u00e9ril.<\/p>\n","protected":false},"featured_media":1632,"comment_status":"open","ping_status":"closed","template":"","meta":{"site-sidebar-layout":"default","site-content-layout":"default","ast-site-content-layout":"default","site-content-style":"default","site-sidebar-style":"default","ast-global-header-display":"","ast-banner-title-visibility":"","ast-main-header-display":"","ast-hfb-above-header-display":"","ast-hfb-below-header-display":"","ast-hfb-mobile-header-display":"","site-post-title":"","ast-breadcrumbs-content":"","ast-featured-img":"","footer-sml-layout":"","ast-disable-related-posts":"","theme-transparent-header-meta":"disabled","adv-header-id-meta":"","stick-header-meta":"default","header-above-stick-meta":null,"header-main-stick-meta":"","header-below-stick-meta":null,"astra-migrate-meta-layouts":"default","ast-page-background-enabled":"default","ast-page-background-meta":{"desktop":{"background-color":"","background-image":"","background-repeat":"repeat","background-position":"center center","background-size":"auto","background-attachment":"scroll","background-type":"","background-media":"","overlay-type":"","overlay-color":"","overlay-opacity":"","overlay-gradient":""},"tablet":{"background-color":"","background-image":"","background-repeat":"repeat","background-position":"center center","background-size":"auto","background-attachment":"scroll","background-type":"","background-media":"","overlay-type":"","overlay-color":"","overlay-opacity":"","overlay-gradient":""},"mobile":{"background-color":"","background-image":"","background-repeat":"repeat","background-position":"center center","background-size":"auto","background-attachment":"scroll","background-type":"","background-media":"","overlay-type":"","overlay-color":"","overlay-opacity":"","overlay-gradient":""}},"ast-content-background-meta":{"desktop":{"background-color":"var(--ast-global-color-5)","background-image":"","background-repeat":"repeat","background-position":"center center","background-size":"auto","background-attachment":"scroll","background-type":"","background-media":"","overlay-type":"","overlay-color":"","overlay-opacity":"","overlay-gradient":""},"tablet":{"background-color":"var(--ast-global-color-5)","background-image":"","background-repeat":"repeat","background-position":"center center","background-size":"auto","background-attachment":"scroll","background-type":"","background-media":"","overlay-type":"","overlay-color":"","overlay-opacity":"","overlay-gradient":""},"mobile":{"background-color":"var(--ast-global-color-5)","background-image":"","background-repeat":"repeat","background-position":"center center","background-size":"auto","background-attachment":"scroll","background-type":"","background-media":"","overlay-type":"","overlay-color":"","overlay-opacity":"","overlay-gradient":""}},"_joinchat":[]},"product_brand":[],"product_cat":[21],"product_tag":[],"class_list":{"0":"post-1194","1":"product","2":"type-product","3":"status-publish","4":"has-post-thumbnail","6":"product_cat-suministros","7":"desktop-align-left","8":"tablet-align-left","9":"mobile-align-left","11":"first","12":"instock","13":"shipping-taxable","14":"purchasable","15":"product-type-simple"},"_links":{"self":[{"href":"https:\/\/housepital.com.mx\/tienda\/wp-json\/wp\/v2\/product\/1194","targetHints":{"allow":["GET"]}}],"collection":[{"href":"https:\/\/housepital.com.mx\/tienda\/wp-json\/wp\/v2\/product"}],"about":[{"href":"https:\/\/housepital.com.mx\/tienda\/wp-json\/wp\/v2\/types\/product"}],"replies":[{"embeddable":true,"href":"https:\/\/housepital.com.mx\/tienda\/wp-json\/wp\/v2\/comments?post=1194"}],"version-history":[{"count":5,"href":"https:\/\/housepital.com.mx\/tienda\/wp-json\/wp\/v2\/product\/1194\/revisions"}],"predecessor-version":[{"id":1737,"href":"https:\/\/housepital.com.mx\/tienda\/wp-json\/wp\/v2\/product\/1194\/revisions\/1737"}],"wp:featuredmedia":[{"embeddable":true,"href":"https:\/\/housepital.com.mx\/tienda\/wp-json\/wp\/v2\/media\/1632"}],"wp:attachment":[{"href":"https:\/\/housepital.com.mx\/tienda\/wp-json\/wp\/v2\/media?parent=1194"}],"wp:term":[{"taxonomy":"product_brand","embeddable":true,"href":"https:\/\/housepital.com.mx\/tienda\/wp-json\/wp\/v2\/product_brand?post=1194"},{"taxonomy":"product_cat","embeddable":true,"href":"https:\/\/housepital.com.mx\/tienda\/wp-json\/wp\/v2\/product_cat?post=1194"},{"taxonomy":"product_tag","embeddable":true,"href":"https:\/\/housepital.com.mx\/tienda\/wp-json\/wp\/v2\/product_tag?post=1194"}],"curies":[{"name":"wp","href":"https:\/\/api.w.org\/{rel}","templated":true}]}}